r when r is divided by 30.
29
Calculate the remainder when 6/39 + (8 - (-30008)/143) is divided by 68.
14
Suppose -47*h - 80 = -52*h. Suppose -3*m - 2*m = 0. Suppose -4*p + m*p + 248 = 0. What is the remainder when p is divided by h?
14
Suppose -11*x + 426 + 245 = 0. Calculate the remainder when x is divided by 26.
9
Suppose -1613 = -24*f + 907. Calculate the remainder when f is divided by 42.
21
Let o be (-2)/(((-9)/(-6))/(-3)). Suppose -16 = -0*p - o*p. Suppose -8*s + 4*j = -p*s - 24, 26 = 3*s - j. What is the remainder when 37 is divided by s?
7
Let v(y) = y**3 + 8*y**2 + 3. Let a be v(-8). Suppose a*g = 10 + 53. What is the remainder when g is divided by 8?
5
Suppose -7*d + 11 = -17. Calculate the remainder when 14 is divided by d.
2
Suppose -5*a = -15 + 25. What is the remainder when (2 + 0)/((-184)/94 - a) is divided by 2/(-4)*-2*12?
11
Suppose -602 = -4*g + 14. Let m = -269 - -66. What is the remainder when g is divided by (m/(-7) - -6) + 2*2?
37
Suppose -5*n + 2719 = 2*r, 6*n - 7*n = 5*r - 553. Calculate the remainder when n is divided by 14.
11
Let j(w) = w**3 + 72*w**2 - 71*w + 160. What is the remainder when 1/((1/(-39))/(-1)) is divided by j(-73)?
11
Let x be 3*(2 - 3) + 15. Let i(o) = -o - 12. Let b be i(0). Calculate the remainder when (-45)/x*224/b is divided by 18.
16
Suppose 2*m - 26 - 230 = -3*n, 3*n + 110 = m. Suppose -3*x = -4*x - r + 32, -5*r + 98 = 3*x. Calculate the remainder when m is divided by x.
29
Let n = 22 - 13. Suppose 5*c - 156 - 49 = 0. What is the remainder when c is divided by n?
5
Calculate the remainder when 12/8*(-60)/18 - -57 is divided by 18.
16
Let k be (-9)/((-36)/328) - -1. Suppose 333 + k = 4*g. Let v = -36 + g. Calculate the remainder when v is divided by 35.
33
Let y(d) = -2*d**2 - d + 56. Calculate the remainder when 334 is divided by y(0).
54
Let x(p) = p**2 + p + 42. Calculate the remainder when x(0) is divided by -10*((-58)/4 + 13).
12
Calculate the remainder when 88 is divided by ((-2)/(-3))/((-11)/(-429)).
10
Let c = 104 + -89. What is the remainder when 26 is divided by c?
11
Suppose -3*k + w - 42 = -252, 0 = -4*k - w + 273. Let f = -37 + k. Suppose -4*p = 3*u - 7*p - 33, -p = 3*u - 33. What is the remainder when f is divided by u?
10
Suppose -2*q + 3*f + 25 = 0, 5*q + 11*f = 13*f + 79. What is the remainder when 95 is divided by q?
10
Suppose 42 = 4*o - 274. Calculate the remainder when o is divided by ((4/1)/4)/(1/16).
15
Let k(o) = 3*o - 23. Let a be k(9). Suppose -4*b = -5*c + 857, 3*c + 6*b = a*b + 501. What is the remainder when c is divided by 19?
17
Let x(p) = 20*p**2 + 8*p - 9. Calculate the remainder when x(1) is divided by 13.
6
Suppose -c = 2*w - 23, 3*c - 65 = -6*w + w. Calculate the remainder when 132 is divided by c.
12
Let d be 14/(-21) - (-604)/6. Let z = -31 + d. Let m = z + -48. What is the remainder when 61 is divided by m?
19
Let d(a) = a**2 + 8*a. Let v be d(-10). Let f = v - -34. Calculate the remainder when f is divided by 16.
6
Calculate the remainder when 153 is divided by (-14)/1*426/(-284).
6
Let q be -2 - 78 - (1 - 2). Let t = q + 51. Let k = t - -51. Calculate the remainder when k is divided by 12.
11
Suppose -79 = -w - 5. What is the remainder when w is divided by (1/(-3))/((3/3)/(-78))?
22
Let b be 104 + (-1)/(-3)*(6 + -6). Let r = 112 - b. Calculate the remainder when 27 is divided by r.
3
Suppose 2*g = -5*g + 35. Suppose q - 10 = -g*f + 4, 0 = q - 5*f - 24. Suppose -5*y = -0*y - 55. Calculate the remainder when q is divided by y.
8
Let c(s) = -9*s - 8. Let l be c(-4). Let d(g) = -2*g**2 - 2*g - 1. Let b be d(-2). Let j = l - b. What is the remainder when j is divided by 18?
15
Let m = -33 - -39. Suppose -3*l + 2*k = m*k - 37, 0 = -2*k - 4. Calculate the remainder when l is divided by 9.
6
Let b = 248 - 145. Calculate the remainder when b is divided by 44.
15
What is the remainder when 202 is divided by (7 + 93 - -5)/1?
97
Let f(a) = -a**2 - 20*a - 13. Suppose 5 = k + 24. What is the remainder when 52 is divided by f(k)?
4
Let l(v) = -2*v**3 - 2*v**2 + 2. Let u be l(-2). Suppose 3*s = 5*s + 4. What is the remainder when 27 is divided by (s - (-2 + 3)) + u?
6
Let r(n) = n**2 + 10*n - 197. What is the remainder when 373 is divided by r(-21)?
33
Let v be (-16)/104 + 1874/13. Suppose 9*q = 243 + v. What is the remainder when q is divided by 5?
3
Suppose -4*j + 4*l = -234 - 50, -l = 4*j - 274. What is the remainder when 274 is divided by j?
67
Let u(p) = 10*p - 144. Calculate the remainder when -1 - 26*(-1 - 3) is divided by u(17).
25
Let k be (-2119)/(-13) - (-1 - -3). Let t = 111 - k. Let s = t + 83. What is the remainder when 64 is divided by s?
31
Suppose i - 6 = -i. Suppose 0 = i*y - 2*y - 34. Let h = y - 21. What is the remainder when h is divided by 4?
1
Let j = 166 - -74. What is the remainder when j is divided by 27?
24
Let p = 344 + 433. Calculate the remainder when p is divided by 52.
49
Suppose 86 + 6 = 4*d. What is the remainder when 36 is divided by d?
13
What is the remainder when 601 is divided by 6/(((-385)/49)/5 - -2)?
13
Let v(b) = -3*b - 2. Let f(d) = d + 1. Let t(a) = -7*f(a) - 2*v(a). Calculate the remainder when 21 is divided by t(-15).
9
Let n(q) = -q + 11. Let z(m) = -m. Let u(i) = -n(i) + 4*z(i). What is the remainder when 59 is divided by u(-7)?
9
Suppose -3*x + 3 = -3*w, 3*x = w + w + 6. Suppose 0 = 3*k + b - 437, 2*k = -k - x*b + 434. What is the remainder when k is divided by 50?
46
Let g be 6 + -4 + 7 + -4. Suppose 0 = -0*i - g*i + 90. Let c = 22 - i. What is the remainder when c is divided by 3?
1
Let h(p) = 17*p**2 + 3*p + 9. Suppose -50 - 28 = -2*l. What is the remainder when h(-3) is divided by l?
36
Let t = 41 - 27. Suppose -540 = -t*j + 10*j. Calculate the remainder when j is divided by 34.
33
Suppose 0 = 10*d - 16 - 504. What is the remainder when 202 is divided by d?
46
Let x = 55 - 41. Suppose -x - 141 = -4*f - s, 0 = f + 2*s - 37. What is the remainder when f is divided by 21?
18
Suppose 5*p - 6*p - 29 = -4*f, -5*p = 4*f + 25. Let h(n) = -n**2 - 13*n - 19. Calculate the remainder when h(p) is divided by 4.
1
Let y be (2/6)/((-26)/(-3198)). Suppose 0 = -2*v + 339 - y. What is the remainder when v is divided by 15?
14
Let f(d) = 32*d**3 - 3*d**2 + 1. Let x be f(1). Let l = 34 - x. What is the remainder when 12 is divided by l?
0
Let q be 18/(0 - 3)*(-12)/8. Calculate the remainder when 77 is divided by q/(54/124) - (-4)/(-6).
17
Let z(q) = q**2 + 4*q + 7. Let b be z(-8). Suppose 3*w + b = 123. Let s = -41 + 96. What is the remainder when s is divided by w?
27
Let b(v) = -v - 18. Let z be b(-8). Calculate the remainder when 75 is divided by (95/z)/(1/2 - 1).
18
Let i = -2 - -94. Let c(z) = -z**3 - 13*z**2 + 9*z - 22. Calculate the remainder when i is divided by c(-14).
44
Suppose 6 - 17 = -a. Calculate the remainder when 41 is divided by a.
8
Let q = -151 + 191. What is the remainder when q is divided by 6?
4
Suppose -4*y + 3 = -5. Let m(w) = y + 7*w - 20*w + 18*w**2 + 16*w. What is the remainder when 84 is divided by m(-1)?
16
Let l(o) = o**2 + 52*o + 238. Calculate the remainder when l(-49) is divided by 75.
16
Suppose -a + 321 = -2*f, -a + 22*f = 27*f - 342. Calculate the remainder when a is divided by 8.
7
Let j(k) = -k**3 + 22*k**2 - 42*k + 46. What is the remainder when 11 is divided by j(20)?
5
Let t = -1984 + 2010. Suppose -2*o + 0 + 8 = 0. What is the remainder when t is divided by o?
2
Suppose 2*q - 5*q = 3*x - 150, -3*q - x + 154 = 0. Suppose -2*k - 2*k = -q. Calculate the remainder when 22 is divided by k.
9
Let h(g) = -g**2 - 21*g - 2. Let t be h(-16). Let x = -42 + t. Calculate the remainder when 107 is divided by x.
35
Let u(j) = j + 11. Let g be u(-10). Let d = g - -76. Calculate the remainder when d is divided by 13.
12
Let r be 6222/90 - (-6)/(-45). Let b = r - 18. Calculate the remainder when b is divided by 27.
24
Suppose 70 = -2*y + 5*c + 609, -253 = -y - 3*c. Suppose 2*d + 4*r - y = 0, -2*r - 1 = -3*r. What is the remainder when d is divided by 13?
12
Let p(l) = l**2 - 17*l - 20. Let y be p(19). Let g = 55 - y. Calculate the remainder when g is divided by 4.
1
Let c be (-6)/(-45) + 4/(-30) + -12. What is the remainder when 41 is divided by (-11)/2*12*4/c?
19
Let b = -329 + 341. What is the remainder 